8
Let z be 39/(4/(-4)) - 1. Let l = -30 - z. Calculate the greatest common factor of l and 30.
10
Let g = -8 + 11. Suppose -2*r + 97 - 95 = 0. Calculate the greatest common factor of r and g.
1
Let y = -1111 - -1848. What is the highest common factor of 67 and y?
67
Let m = 7 + -5. Suppose -2*w - 6 = m. Let s be 364/63 + w/(-18). Calculate the highest common divisor of s and 6.
6
Let v(k) = 12*k**2. Let c be v(-1). Let l be (-30)/4*12/5. Let m be 1*2/(-4) + (-333)/l. What is the greatest common factor of c and m?
6
Let n = 55 + -29. What is the highest common divisor of 8 and n?
2
Suppose 5*u - 452 = -4*t, -318 = -2*t + u - 106. Calculate the highest common factor of t and 27.
27
Let b be 4/16 + 2225/(-20). Let o = b - -116. Let t(z) = z**2 + z + 2. Let m be t(0). What is the highest common divisor of o and m?
1
Suppose -5*l = -428 - 172. Suppose 6*c - 147 = -3*g - 0*g, 5*g + 67 = 3*c. What is the greatest common factor of c and l?
24
Let g be (3 + -3 - 7)*-2. Let a = 17 - g. Suppose a*h = 102 - 24. What is the highest common factor of h and 39?
13
Suppose -5*f + 8*o = 7*o - 90, o = f - 22. Calculate the highest common factor of f and 187.
17
Suppose -4*h + 0*h = -12. Suppose 0 = -h*j - 6, 3*p - 4*j - 9 - 59 = 0. Let m be 177/6 + 2/4. Calculate the greatest common divisor of p and m.
10
Suppose -4*l - b + 112 = b, -b = 4*l - 116. Calculate the greatest common divisor of l and 60.
30
Let g(j) = 2*j**2 + 11*j - 23. Let p be g(-7). Let i be p + 41 + (2 - 3). What is the greatest common factor of i and 19?
19
Let h(o) = -59*o + 5. Let g be h(-8). Suppose 5*x = -3*y + 474, 6*x + 4*y = x + g. Let j = 168 - x. Calculate the highest common divisor of j and 25.
25
Let t = 9 + -9. Suppose 7*w - 3*w = t. Suppose -2*r = -5*p - 60, -r + 4*p + 33 = -w*p. What is the highest common factor of r and 25?
25
Suppose 51*c - 46 - 209 = 0. Calculate the highest common divisor of 515 and c.
5
Let w be (-3)/(-9)*15*3. Let s = -11 + w. What is the greatest common divisor of s and 20?
4
Let g(k) = k**3 + 7*k**2 + 10*k + 3. Let b be g(-5). Let s be -5*(12/b)/4. Let t be ((-12)/s)/((-2)/(-20)). Calculate the highest common divisor of 264 and t.
24
Let v(q) = 2*q**2 - 17*q - 20. Let z be v(10). What is the greatest common factor of 830 and z?
10
Let g be (-14)/112 + (-1234)/(-16). What is the highest common divisor of 14 and g?
7
Let n(g) = -14*g**2 + g - 5. Let x be n(-4). Let k = x - -383. Suppose 3*y - 495 + k = 0. What is the highest common divisor of 23 and y?
23
Let i(j) = -j**2 + 37*j + 40. Let h be i(25). Calculate the highest common divisor of 40 and h.
20
Let o(a) = -20*a + 2. Let s be o(1). Let u = s + 28. Calculate the highest common factor of u and 4.
2
Suppose -50 = -3*j - 5*d - 15, -j - 5*d = 5. Suppose -38*m + 1600 = 2*m. Calculate the highest common factor of m and j.
20
Suppose o - h - 1 = 0, 2*o - h - 1 = 3*o. Suppose i - 2*v - 10 = v, -4*i + 4*v + 16 = o. Calculate the highest common divisor of 11 and i.
1
Suppose 0 = -6*l + 302 - 14. Let f = l + -23. What is the greatest common divisor of 50 and f?
25
Suppose 5*h - 20 = 5*o, -8*o + 3*o = -3*h + 16. Let g be 180/((-6)/(-3))*(-3)/o. What is the greatest common divisor of 15 and g?
15
Let t be -9*1 - 546/(-26). Calculate the highest common factor of t and 390.
6
Suppose -2*b + 3*l = -14 - 2, -4*l = 5*b + 6. Let t be (-196)/(-24) + 1/(-6). Suppose -4*x + t + 0 = 0. What is the greatest common factor of x and b?
2
Let r(g) = g - 11. Let y be r(8). Let o = 19 + y. Calculate the highest common divisor of 160 and o.
16
Let l(p) = -3*p - 32. Let v be l(-12). Let y be 133 - (2 - v)*1. What is the greatest common factor of y and 15?
15
Let u = -12 - 6. Let i be (-266)/u + 36/162. Let p = 11 + 4. Calculate the highest common factor of i and p.
15
Let q(s) = 8*s**2 + 5*s + 6. Let f be q(-4). Suppose -r + f - 16 = 4*m, 0 = -3*r + m + 333. What is the highest common factor of 10 and r?
10
Let r = 50 - -135. What is the greatest common divisor of r and 111?
37
Let r(v) = -10*v + 4. Let t be r(-2). Suppose -4 - 12 = -2*b. What is the greatest common divisor of b and t?
8
Let j be (-2 - -1211) + (-33 - -28). What is the highest common factor of j and 28?
28
Let f(p) = -11*p - 3. Let x be f(-1). Suppose -x*t = -5*t. Suppose -4*r = -t*r - 88. What is the highest common factor of r and 55?
11
Let t = 79 + -157. Let x = 87 + t. Calculate the highest common factor of x and 63.
9
Suppose -3*h + 10 = -8. Let v = 1401 - 1389. Calculate the greatest common divisor of h and v.
6
Let x be 49*2 - (1 - 1). Suppose 11*v = 5*v + 84. Calculate the highest common factor of v and x.
14
Suppose 0 = -s - 2*o + 236, s = 4*s - 5*o - 719. Suppose 3*l - s = 218. What is the greatest common factor of 19 and l?
19
Let b be ((-16)/(-60))/((-6)/30)*-12. What is the highest common divisor of 2 and b?
2
Let k be (-6 + 116/3)*3*1. Let q be (-15)/(-20) - k/(-8). What is the highest common factor of 130 and q?
13
Suppose 41 + 39 = 16*n. What is the highest common divisor of 45 and n?
5
Let v = 6 + 19. Let d = v + -10. Let k = -829 + 835. What is the highest common factor of d and k?
3
Suppose -7*g - 24 = -3*g. Let h be (-3)/g + 134*3/12. Calculate the greatest common factor of h and 306.
34
Suppose -3*d + 2*s + 12 = -s, -d + 8 = -3*s. Let g(a) = -3*a - d + 2*a - 23*a. Let m be g(-12). What is the greatest common divisor of m and 26?
26
Let y = -2 + 10. Let a(m) = -m**2 + 11*m + 2. Let k be a(y). Let o be -2*((-70)/4 + -2). What is the highest common divisor of o and k?
13
Let q = -1 - -2. Let l(x) = -19*x + 96. Let d be l(5). Calculate the highest common factor of d and q.
1
Let t = -60 + 78. Let h(l) = l - 5. Let v be h(0). Let k = v - -11. Calculate the greatest common factor of t and k.
6
Let d be (33/(-2) - -1)*-2. Let m(k) = 45*k - 292. Let c be m(12). Calculate the highest common factor of d and c.
31
Let t be 4 - (-5)/((-10)/(-28)). Let p(h) = -h**2 + h - 5. Let w be p(-8). Let r = 131 + w. What is the highest common factor of t and r?
18
Suppose -3*c + 13*r + 214 = 14*r, 3*r = -3*c + 210. Let y = 44 + -28. Calculate the highest common divisor of y and c.
8
Let n(d) = 15*d**2 + 1. Suppose -r + 5*z - 1 + 0 = 0, 4*z = 2*r + 2. Let p be n(r). Suppose -14 = -4*w + 562. What is the greatest common divisor of p and w?
16
Suppose -62 + 6 = -8*d. Suppose d*k = 593 + 226. What is the greatest common divisor of 78 and k?
39
Suppose 0*q + q = -b + 212, -2*b + 850 = 4*q. What is the highest common factor of 142 and q?
71
Let y be ((-30)/7)/((-279)/5208). Calculate the greatest common divisor of 100 and y.
20
Let h(z) = 2*z**2 - 8*z + 2. Suppose -4 + 22 = -2*n. Let k be (-2)/(n/6 - -1). Let l be h(k). Calculate the highest common divisor of l and 22.
2
Let l(a) = -85*a + 10. Let x be l(-1). Calculate the greatest common factor of 95 and x.
95
Let t(c) = 45*c - 578. Let g be t(13). Calculate the greatest common divisor of g and 41.
1
Suppose 51 = 5*n - 104. Let y(f) = 28*f**2 - 4*f + 8. Let s be y(3). Calculate the highest common factor of n and s.
31
Let v(i) = -i**2 - 9*i + 3. Let b be v(-6). Let n(q) = -q**3 - 7*q**2 - 7*q + 7. Let c be n(-7). Let r = b + c. What is the highest common factor of r and 11?
11
Suppose 3*q = 4*y + 4*q - 33, -y + 2 = -q. Suppose 3*u + 396 = 3*d, 2*d + y*u - 264 = 2*u. What is the highest common factor of d and 12?
12
Suppose -g = -6*g + 45. Let b = 15 - g. Suppose -v = -4*v + b. What is the highest common factor of v and 10?
2
Let l(h) = 71*h**3 - 3*h**2 - 4*h + 2. Let n be l(-2). Let t be (n/(-24))/5 + 2/8. What is the highest common factor of t and 25?
5
Let l = -1126 + 1132. Let z be 220/18 - (-2)/(-9). What is the greatest common divisor of l and z?
6
Suppose m - s + 0 = 1, -s = 2*m - 14. Suppose -68*o = -104*o + 1260. What is the highest common factor of o and m?
5
Let l be 3/4 - 19314/(-296). What is the highest common divisor of 12 and l?
6
Let p(w) = w**2 - 9*w + 3. Let s be p(9). Suppose -5*n + 192 = s*n. What is the highest common factor of n and 168?
24
Suppose 2*i - 42*w + 37*w = 383, 4*i - 778 = -2*w. What is the highest common divisor of i and 2?
2
Let u(l) = -6*l + 45. Let n be u(7). Suppose 2*g - 190 = -5*k, -n*k = -6*k - g + 113. Calculate the greatest common factor of k and 18.
18
Let a = -109 + 161. Cal